+ q**3/6 + q**2. Suppose -b - 4 = -5*b. Suppose -b + 2 = v. Determine i(v).
-1
Let g(q) = -q**3 - 2*q**2 + q - 2. Let v(k) = -2*k + 5. Let p be v(4). Let t be g(p). Let b(r) = 3 - 7 + 0*r + 2*r - t*r. What is b(-4)?
4
Let a = -10 + 2. Let k = a + 7. Let r(g) = -6*g**3 - g**2. What is r(k)?
5
Let j(s) = -s**3 + s**2 + 3*s + 2. Suppose -12*y = -21*y - 18. Determine j(y).
8
Let n(r) = -r**3 + 3*r**2 - 2*r + 5. Let m(u) = -u**2 - 1. Let z(v) = -6*m(v) - n(v). Determine z(-2).
1
Suppose 0 = q + 5*c - 7 - 7, 2*c - 10 = 4*q. Let d(j) = 32*j + 1. Calculate d(q).
-31
Let l(o) be the third derivative of o**6/120 - o**5/12 - o**4/12 + o**3/2 + o**2. Calculate l(5).
-7
Let v(p) = p**2 - 4*p + 2. Suppose t + c = -0*t - 1, 3*t + 7 = c. Let w = t + 2. Suppose 0 = x + 2*q - 4, q = 2*x - w*x - 8. Calculate v(x).
2
Let b(h) = h**3 - 5*h**2 + 2*h - 2. Suppose 4*j + 8 = 3*r, -r - 5*j - 29 = -0*r. Let d = -1 - r. Suppose 4*k = -t + 12, -3*k - 4*t - d = 1. Give b(k).
-10
Let j(c) = 5 + 0*c + 0 + c - 1. Determine j(-3).
1
Let j(r) = r**3 - 12*r**2 + 10*r + 13. Let b be j(11). Let d(m) = 0*m**2 - 4*m**b - m**3 - 6 - 3*m - 5*m**2 + 4*m**2. What is d(-5)?
9
Suppose 7 = -2*i - 1. Let g = i - -4. Let y(q) = -q - 7. What is y(g)?
-7
Suppose 5*g - 3*z - 26 = 0, -3*z + 2 + 0 = 2*g. Let l(h) = -h**2 + 6*h - 2. Give l(g).
6
Let s(x) = -6*x - 2. Suppose 0 = 3*v + 2*v + 30. Let q = v - -4. Determine s(q).
10
Suppose 5*h = v + 10, 4*h - v - 2 - 6 = 0. Suppose o - 4 = h. Let a(g) = g + 3. Let f(b) = -3*b - 10. Let u(i) = o*f(i) + 17*a(i). What is u(-5)?
-4
Let g(a) = -7*a**3 + 7*a**2 + a + 6. Let k be (-27)/4 - (-3)/4. Let t(c) = 6*c**3 - 6*c**2 - c - 5. Let d(u) = k*t(u) - 5*g(u). Give d(2).
-2
Let c(k) = -k**3 - 6*k**2 - 6*k + 3. Let s be (15/(-9))/((-3)/(-9)). Give c(s).
8
Suppose 11 = k + 16. Let x(l) = l + 2. Determine x(k).
-3
Let t(p) = -3*p + 1 + 2*p + 3*p. Suppose 0 = c - 5*u + 11, 4*u + 7 + 1 = 5*c. Suppose 0 = -c*x + 20, -2*z = -4*x - x + 23. Calculate t(z).
3
Let x(t) = 185*t + 183*t - 367*t + 8. Let u be (-2 + 1)*1*5. What is x(u)?
3
Let h = -14 - -20. Let m(p) = -h*p + p + 2*p - 3. What is m(-3)?
6
Let o(y) = 3 + 2*y**2 - y**2 + 6*y + 1 + 0. What is o(-6)?
4
Let o(i) be the second derivative of -i**5/10 - i**4/12 + i**3/3 + i**2 - 6*i. Calculate o(-2).
10
Let c(x) = 4*x**2 + 3*x + 2. Suppose 0 = 3*n - 2*o - 13, -15 = -5*n + 2*o - 0*o. Let i(z) = -z**2 - z - 1. Let f(b) = n*c(b) + 2*i(b). Calculate f(-2).
6
Suppose 3*g + g = 8. Let m be (-7)/6 - g/(-12). Let a(h) = h**2 - 2*h - 1. Determine a(m).
2
Suppose 3 - 2 = o. Let q(t) be the first derivative of -5/2*t**2 + 0*t + 1. Determine q(o).
-5
Let k(o) = -o - 2. Let p = -46 + 46. Let l(c) = 4*c**2 + 4*c + 2. Let z be l(-2). Suppose p = -d, -d + 6*d + z = 5*r. Calculate k(r).
-4
Let o(v) = v**2 - 7*v + 8. Let l be o(6). Let t be (8/l)/1 - -1. Let g(a) be the first derivative of -a**3/3 + 5*a**2/2 + 3*a + 1. Determine g(t).
3
Let p(r) = 8*r**2 + 2*r + 1. Let g be (7 - -2)/((-4)/(-8)). Let m = g - 19. Calculate p(m).
7
Let o(r) = -1. Let a(g) = g**2 + 5*g + 4. Let q(m) = a(m) + 3*o(m). Calculate q(-3).
-5
Let h(s) be the first derivative of -s**3/3 - s**2 + s - 1. Let b(g) = -2*g**2 - 3*g + 2. Let f(c) = -4*b(c) + 7*h(c). Calculate f(3).
2
Let f(b) = 2*b + 3. Suppose u - 1 = -x, 2*x = 3*x + 2*u - 4. Let r = x + 0. What is f(r)?
-1
Suppose 2*p = -p. Let c(w) = 2*w - 3. Let q(u) = 9*u - 28. Let v(f) = 4*c(f) - q(f). Determine v(p).
16
Let b(r) = -3*r**3 - 4*r**2 + 2*r. Let t(y) = 2*y**3 + 4*y**2 - y - 1. Let g(a) = -3*b(a) - 4*t(a). Give g(4).
-4
Suppose 2*w + 2*o - o = 6, 0 = 3*w - 2*o + 5. Let b = w + -3. Let s(a) = -3*a - 3. Give s(b).
3
Let o(m) = m**3 - 8*m**2 + 2*m - 7. Suppose 2*n + 2*s - 8 = 0, 0*n + 4*s = 3*n - 40. Give o(n).
9
Let s(t) = -4*t**3 + t**2 + 4*t + 4. Let g be s(-1). Let v(y) = y**3 - 6*y**2 + 5*y - 1. Determine v(g).
-1
Let d(a) be the first derivative of -a**4/2 - a**2/2 + a + 1. Determine d(1).
-2
Let s(d) = -d + 6. Let z be s(4). Let k(c) = 5 - z + c + 0*c. Suppose 2*n + 30 = -5*f, 3*f + 8 - 1 = n. What is k(f)?
-1
Let w(g) = 1. Let y(v) = v**2 + 5*v - 4. Let u(d) = 5*w(d) + y(d). What is u(-5)?
1
Let l = 4 - 3. Let q(j) = 10*j**3 - j**3 + j - j**2 - j**3 - 1 + 0*j. Determine q(l).
7
Suppose -2*o + 6 = o. Suppose 2*z - o + 0 = 0. Let q be 1/((0 + -1)*z). Let b(s) = 3*s**2 + s + 1. Calculate b(q).
3
Let g(t) be the second derivative of 0*t**3 + t - 5/12*t**4 + 0 + t**2 - 1/20*t**5. Let p = 9 - 14. Give g(p).
2
Let k(j) = 8*j**2 + j - 6. Let h(n) = -7*n**2 - n + 5. Let y(x) = -6*h(x) - 5*k(x). Determine y(3).
21
Suppose -5*m + m = -68. Let x(z) = 5*z + m - 4*z - 8. Suppose 5*o = -32 + 12. Calculate x(o).
5
Let s(k) = -4*k**2 - 6*k**2 - 2 - 4*k + 8. Let m(f) = 10*f**2 + 3*f - 5. Let g(h) = 5*m(h) + 4*s(h). Let i = 136 + -137. Give g(i).
10
Let t(u) be the third derivative of u**5/60 + 5*u**4/24 - 3*u**3/2 - 7*u**2. Give t(-7).
5
Suppose -x - 4 - 13 = 3*z, -2*z + x = 13. Let y(o) be the first derivative of o**2/2 + 6*o + 6. Determine y(z).
0
Let o be (6/(-15) - 8/(-20))/2. Let s(d) = -d**3 + d**2 + d - 8. Give s(o).
-8
Let r(f) be the first derivative of f**2 - 3*f + 177. Suppose 2*j + 2*y + 2 = 0, -4*y - 46 = -4*j - 10. Give r(j).
5
Let m(s) = s**3 - 2*s**2 - s - 1. Let f = -85 - -83. Calculate m(f).
-15
Let b(m) = 16*m**2 + 5*m + 5. Let z(v) = -3*v**2 - v - 1. Let a(w) = 2*b(w) + 11*z(w). Let g(u) = -4*u**2 - 10*u - 6. Let n(s) = 3*a(s) - g(s). What is n(-6)?
-3
Let q = -6 + 3. Let x(f) = f**2 + 4*f. Let w be x(q). Let r(d) = -d**3 - 3*d**2 - 2*d - 3. What is r(w)?
3
Let g(s) = -s**3 + 6*s**2 - 3*s - 2. Suppose -33 = 5*h + 3*y, y = h - 2*y + 3. Let v be (h/4)/((-3)/10). Give g(v).
8
Let x(l) be the first derivative of l**2 - l + 1. Suppose 4*t - 17 = o, 0*t - 5*t = 3*o. Determine x(t).
5
Let q(m) = -14*m - 6*m**3 + 5*m**2 - 7*m**2 + 13*m. Suppose 5 = -3*r + 2. Give q(r).
5
Let w(t) = -t + 3. Let i be 2/(3*(-6)/(-63)). Give w(i).
-4
Let x(f) = -f**3 - 6*f**2 - f. Suppose -4*w - 27 = -9*w - 4*a, w + a - 6 = 0. Let n be 24/w*(-12)/16. Give x(n).
6
Let j be 7 + -7 + 1 + -4. Let b = j - 2. Let z(x) be the third derivative of -x**6/120 - x**5/10 - x**4/6 + x**3/2 + 9*x**2. Give z(b).
-2
Let g(n) = n**2 - 12*n + 14. Let h be g(11). Let k(d) = -5 + 7 + h - 2*d. Calculate k(4).
-3
Let y(t) = -t**3 - 4*t**2 - t + 1. Let f be 1*-1*(5 + -34). Let z be f/(-9) - 6/(-27). Let s be 0 - (2 - 3 - z). Determine y(s).
-5
Let j(r) = -2*r + 1. Let m be j(-5). Let q be 4/(-2) - (-1 - m). Suppose -v - 2*c + q = v, -3*v + 4*c + 8 = 0. Let i(f) = 2*f - 5. What is i(v)?
3
Let o(x) = 0 - 29*x + 28*x - 3. What is o(-7)?
4
Let r(k) = 9*k - 2*k - 6*k + 11. What is r(-8)?
3
Let g(c) = c - 6. Let i(u) = 2. Let a(f) = 2*g(f) + 7*i(f). Determine a(-2).
-2
Let y be ((-39)/(-8) - 5)/(-1). Let b(q) be the third derivative of q**2 + 0*q - y*q**4 + 0 + 1/6*q**3. Calculate b(1).
-2
Let l(n) = -n**3 - 1 + 0*n**3 - 4*n**2 + 3*n - 5*n. Let w be -2*6*2/(-4). Suppose 14 = -4*i + w. What is l(i)?
-5
Let l = -2 + 10. Suppose -2*q + 6 + l = 4*x, 2 = 5*q - x. Let j(f) = 17*f + 8. Let a(d) = -16*d - 7. Let y(m) = 7*a(m) + 6*j(m). Calculate y(q).
-11
Let v be (-28)/4 - -1 - 1. Let t(i) = 2*i + 10. Calculate t(v).
-4
Suppose 5*f = 2*d - 4, -4*f = -2*d + 1 + 3. Suppose -b - 2*b = -9. Let n(v) = b*v + f + 2 - 4. Calculate n(2).
4
Suppose 3*q = 2*q + 4. Let b(k) = -7*k - 2*k + 4*k**2 + q*k - k**3 + 1 + 3. Suppose 4 + 11 = 5*m. Determine b(m).
-2
Let g(t) be the third derivative of t**5/60 + t**4/4 + 2*t**3/3 - t**2. Calculate g(-5).
-1
Let t be (-2)/(-12)*3*-8. Let y(b) = -5*b**2 + 4*b + 18. Let q(v) = -2*v**2 + v + 6. Let h(j) = -8*q(j) + 3*y(j). What is h(t)?
6
Let k(j) be the first derivative of j**2 + j + 10. Determine k(5).
11
Suppose -x = -4*x + 9. Let a(w) = w**3 - 4*w. Determine a(x).
15
Let x(o) = o - 3. Let i be x(-1). Let d(b) be the second derivative of 9/2*b**2 + b + 1/6*b**3 + 0. What is d(i)?
5
Let v(q) = 4*q**3 + 6*q**2 + 8*q + 1. Let n be 9/(-6)*(-2)/3. Let o be 1/(n*(-1 + 2)). Let a(g) = g**3 + g**2 + g. Let y(z) = o*v(z) - 5*a(z). Give y(-2).
7
Let r(q) = -q**3 - 7*q**2 + 8*q + 3. Let u be (-5)/(45/12)*6. Determine r(u).
3
Let r(y) = 4*y**3 - y**2. Let k be r(-1). Let h(u) = u**3 + 5*u**2 + 4*u + 6. What is h(k)?
-14
Let n(c) = -8 